f 14 and p.
2
Let z = -378 - -396. What is the highest common divisor of z and 24?
6
Let o be 10/40 + (-15)/(-4). Suppose 4*d = o*i - 112, 3*d - 81 - 27 = -3*i. Calculate the greatest common divisor of i and 96.
32
Let j = -64 - -66. Suppose j*d - 107 - 69 = 0. Suppose 36 = 3*h + b + 2, b - 1 = 0. What is the greatest common factor of h and d?
11
Let g(u) = -3*u**2 - 2*u**2 + 4*u**2 - 18*u - 18. Let n be g(-13). Calculate the greatest common divisor of 376 and n.
47
Let z(s) = s**3 - 4*s**2 - 5*s - 22. Let j be z(7). Calculate the greatest common factor of 20 and j.
10
Let z be 90/8 + 303/404. What is the highest common factor of 3 and z?
3
Suppose -21 = -10*a + 11*a. Let l be ((-30)/21)/(-3 - 60/a). Calculate the highest common divisor of 6 and l.
2
Let s(x) = x**2 - 7*x - 36. Let r be s(10). Let g be 2*r/(-3) + 24. Calculate the highest common factor of g and 14.
14
Suppose -3*o = -2*n + 2*o - 7, -5*n = 4*o + 1. Let q be 18/(-6) - (-10 + n). What is the highest common factor of 16 and q?
8
Let t be 39/12 + (-15)/(-20). Let q = 96 + t. Let x be (-3 - 2)/((-2)/8). What is the highest common divisor of q and x?
20
Let q be (1 + 108/(-45))/((-1)/5). Suppose 31 = w - 32. What is the greatest common factor of w and q?
7
Let m(c) = -3*c**3 + 7*c**2 + 19*c + 4. Let r be m(-4). Calculate the highest common divisor of r and 8.
8
Let t(k) = k**3 - 18 - 27*k**2 + 9*k**2 + 10*k**2 - 7*k. Let o be t(9). Suppose o = -5*s - 40 + 370. Calculate the greatest common factor of 165 and s.
33
Let w = 202 - 70. Calculate the highest common divisor of w and 24.
12
Let z(y) = 3*y**2 + 10*y - 20. Let l be z(-14). Suppose -2*w + 4 - 12 = 0, -2*j - 5*w + l = 0. What is the greatest common divisor of 28 and j?
28
Let b(z) = 19*z + 1. Let p be b(1). Suppose 4*a = -4*a + 40. Suppose 0 = -2*n + 5*n - 4*j, -2*n + a*j = 7. What is the greatest common divisor of n and p?
4
Let b(c) be the third derivative of -7*c**4/24 - 7*c**3/6 + 9*c**2. Let t be b(-5). What is the highest common factor of t and 28?
28
Let a be 39 + 1 + 3 + -1. Let m = -3 - -140. Let f = m + -109. What is the greatest common factor of f and a?
14
Let j = -74 + 84. Suppose 5*v + 13 + 162 = 0. Let g be 108/14 - j/v. Calculate the highest common divisor of 24 and g.
8
Suppose -132*o + 137*o = -3*p + 153, -2*p + 91 = 3*o. Suppose 0 = -4*n + 14 + 30. Calculate the greatest common factor of o and n.
11
Let l be (-7 - 300/(-44)) + (-1619)/(-11). What is the highest common factor of l and 98?
49
Let w be (3 + 84/(-8) - -6)*-2. Let v = -48 - -69. Calculate the greatest common divisor of w and v.
3
Let w = 23 + 3. Suppose 0 = -4*x + 2 + w. Let g(s) = -s**3 + 2*s**2 - 22*s - 55. Let j be g(-3). Calculate the greatest common divisor of x and j.
7
Let f = -8697 + 8739. Suppose s - 4*l = 226, -l = -s - 0*l + 214. What is the greatest common divisor of f and s?
42
Let z be (-1)/(-1) + 5 + -3. Suppose -z*q + 100 = 2*q. Let t = 26995 - 26990. Calculate the greatest common divisor of t and q.
5
Suppose 0 = 4*r + 4*z - 196, 5*r - 37*z + 41*z - 244 = 0. Calculate the greatest common factor of 120 and r.
24
Let k be (-2)/8 + (-164)/(-16). Suppose 3*m - 8*m + k = 0. Suppose 0*h = m*h - 30. Calculate the greatest common divisor of 5 and h.
5
Let r(c) = 2*c + 123. Let p be r(-18). What is the highest common factor of p and 145?
29
Suppose 7*y - 6*y + 55 = 0. Let j be 420/11 + 10/y. What is the greatest common factor of j and 57?
19
Suppose -9 = r + 5*g - 179, 0 = 5*r + 5*g - 890. What is the greatest common divisor of r and 36?
36
Let z(t) = 86*t**2 - 6*t - 42*t**2 + 13 - 45*t**2. Let b be z(-7). Suppose -4*y - 8*f = -4*f - 44, -y - 1 = 4*f. What is the greatest common factor of b and y?
3
Let l be (-8)/(-2) + (8 - (-70 + 5)). Calculate the highest common factor of l and 55.
11
Let k = -989 + 1633. What is the greatest common factor of k and 28?
28
Suppose 2*b - 64 = -3*l, -b - 5*l = b - 60. Suppose -16*q + 11*q + 5*x + 50 = 0, 3*q - 24 = x. What is the highest common divisor of b and q?
7
Let p(k) = 18*k**3 + 2*k + 5. Let v be p(2). Calculate the greatest common factor of v and 85.
17
Let f(d) = 33*d**2 + 1. Let v be f(-1). Let h(n) = 5*n**2 - 3*n - 25. Let m be h(5). Calculate the greatest common divisor of v and m.
17
Let w = -603 - -609. Suppose 108 = -4*v + 5*v. Calculate the greatest common factor of v and w.
6
Let c(z) = 3*z**2 + 6*z + 6. Let v be c(-4). Let n = v - 25. Suppose 0 = -a + 5*a - 160. Calculate the highest common factor of a and n.
5
Let b be ((-6)/5 - -2) + 1809/45. What is the greatest common divisor of 410 and b?
41
Suppose 31*j = -4*y + 34*j + 165, -j - 85 = -2*y. Calculate the greatest common divisor of 2115 and y.
45
Let s be ((-32)/12)/(4/(-6)). Suppose 8 + s = 3*k + 5*g, -3*k - g + 24 = 0. Calculate the highest common factor of 6 and k.
3
Let w = -1718 + 1770. What is the greatest common factor of w and 234?
26
Let o = -1482 - -1726. Calculate the highest common divisor of 427 and o.
61
Let p(o) = -o**2 - 16*o + 15. Let r be p(-15). What is the greatest common factor of 222 and r?
6
Let a be 116/6*57/2. Calculate the greatest common divisor of a and 19.
19
Suppose 0 = -y - 0*y + 16. Let g be ((-22)/6)/(20/(-120)). Suppose m - 2 = g. Calculate the greatest common divisor of y and m.
8
Suppose 9*l - 4 = -49. Let s be l*2/(-30)*36. What is the greatest common divisor of 12 and s?
12
Suppose -6*b = -b - 1750. Let p(n) be the first derivative of n**2/2 + 18*n + 6. Let m be p(17). Calculate the highest common factor of b and m.
35
Let v = 31 + -16. Suppose 9*g + 225 = 24*g. Calculate the highest common factor of v and g.
15
Let o = -370 - -456. What is the greatest common factor of 1118 and o?
86
Suppose -l + 352 = 2*n, 3*n = -2*l + 6*l + 528. Let w be -1 + -23*1/(-1). Calculate the greatest common factor of n and w.
22
Let u be ((-36)/(-45))/(12/750). What is the greatest common divisor of u and 20?
10
Let a be ((-1)/(6/224))/(4/(-36)). Calculate the greatest common factor of 14 and a.
14
Let s be -1 + (5 - 16/4). Let n = -33 - -65. Let y = n + s. Calculate the highest common factor of 96 and y.
32
Let u = -1080 + 1120. Calculate the greatest common divisor of u and 640.
40
Suppose -5*q - 50 = -10*q. Let h = 9 - 5. Suppose 0 = -4*t + b - 0*b + 203, 2*t - h*b = 112. What is the greatest common divisor of q and t?
10
Suppose 3 = -13*r - 36. Let y be 30*(r + 132/20). What is the greatest common divisor of y and 27?
27
Let s(g) = 3*g**3 + g**2 + 2*g + 150. Let h be s(0). Calculate the highest common factor of h and 10.
10
Suppose -6*j + 2*q = -10*j + 4224, -5*j = 5*q - 5270. Calculate the highest common factor of 46 and j.
46
Let u = -699 + 801. Calculate the greatest common factor of 27 and u.
3
Suppose 3*g - 73 - 273 = 5*x, 2*g - 218 = -3*x. Calculate the greatest common divisor of 14 and g.
14
Suppose 0 = -72*g + 71*g + 215. Calculate the highest common divisor of 43 and g.
43
Suppose -8*v + 64 = -4*v. Suppose 0 = -2*c + 3*c, v = 4*u + 2*c. Suppose -41 + 1 = -u*f. Calculate the greatest common factor of f and 30.
10
Let m be 3884/20 + 6/(-30). Let p(i) = 2*i - 11. Let z be p(8). Suppose z*a - m = 106. Calculate the highest common factor of a and 20.
20
Let c = 144 - -493. What is the highest common factor of 14 and c?
7
Let y be (-18)/15*(-605)/33. Calculate the highest common divisor of 550 and y.
22
Let o(b) be the third derivative of b**5/20 - 3*b**4/4 - 8*b**3/3 - 29*b**2. Let g be o(8). What is the greatest common divisor of g and 40?
8
Let h be ((-30)/4)/(4/(40/(-3))). What is the highest common divisor of h and 5?
5
Let n(p) = -2*p**3 - 3*p - 10. Let t be n(-3). Calculate the greatest common factor of t and 583.
53
Let g(x) = -32*x + 4. Suppose 0 = 3*r + 7 + 5, 5*m - 15 = 5*r. Let s be g(m). What is the greatest common divisor of s and 4?
4
Let y be (12/5 - 2)*125. Let a be y/15*24/10. Let m be (-1)/(0/4 - 1) - -79. Calculate the greatest common factor of a and m.
8
Let m = 50 + -47. Calculate the greatest common factor of 6 and m.
3
Suppose 164 = 3*z + 41. Let l = z + -74. Let i be (-6)/(-15)*(-3 - l). What is the greatest common divisor of 108 and i?
12
Let z = 259 - 242. What is the greatest common divisor of z and 153?
17
Suppose 0 = -3*h + 9 - 75. Let m be 6 + ((-14)/21 - h/6). What is the hi